003?
1
What is the tens digit of 19870?
7
What is the units digit of 65705?
5
What is the hundreds digit of 745?
7
What is the hundreds digit of 1238?
2
What is the ten thousands digit of 16490?
1
What is the hundreds digit of 34948?
9
What is the ten thousands digit of 88215?
8
What is the hundreds digit of 5546?
5
What is the thousands digit of 88267?
8
What is the units digit of 325?
5
What is the units digit of 30036?
6
What is the units digit of 5244?
4
What is the units digit of 42906?
6
What is the hundreds digit of 2633?
6
What is the units digit of 4849?
9
What is the hundreds digit of 113212?
2
What is the units digit of 3047?
7
What is the hundreds digit of 3331?
3
What is the tens digit of 479?
7
What is the hundreds digit of 2879?
8
What is the hundreds digit of 121304?
3
What is the units digit of 750?
0
What is the hundreds digit of 1931?
9
What is the thousands digit of 2273?
2
What is the hundreds digit of 8069?
0
What is the units digit of 25259?
9
What is the units digit of 2209?
9
What is the hundreds digit of 721?
7
What is the hundreds digit of 88331?
3
What is the ten thousands digit of 52905?
5
What is the units digit of 774?
4
What is the units digit of 103111?
1
What is the thousands digit of 4039?
4
What is the thousands digit of 15150?
5
What is the hundreds digit of 1868?
8
What is the tens digit of 103030?
3
What is the tens digit of 8232?
3
What is the units digit of 8876?
6
What is the tens digit of 12653?
5
What is the ten thousands digit of 27874?
2
What is the tens digit of 39577?
7
What is the tens digit of 5766?
6
What is the hundreds digit of 1416?
4
What is the thousands digit of 1418?
1
What is the units digit of 1086?
6
What is the units digit of 26534?
4
What is the thousands digit of 5755?
5
What is the thousands digit of 10284?
0
What is the thousands digit of 3258?
3
What is the tens digit of 992?
9
What is the thousands digit of 2102?
2
What is the thousands digit of 11978?
1
What is the tens digit of 11694?
9
What is the tens digit of 742?
4
What is the units digit of 2813?
3
What is the units digit of 19448?
8
What is the tens digit of 527?
2
What is the thousands digit of 1097?
1
What is the hundreds digit of 546?
5
What is the thousands digit of 36980?
6
What is the thousands digit of 1269?
1
What is the tens digit of 10560?
6
What is the hundreds digit of 2010?
0
What is the hundreds digit of 2535?
5
What is the hundreds digit of 1719?
7
What is the hundreds digit of 50907?
9
What is the tens digit of 1660?
6
What is the tens digit of 19003?
0
What is the tens digit of 28084?
8
What is the hundreds digit of 2911?
9
What is the ten thousands digit of 13714?
1
What is the tens digit of 26225?
2
What is the thousands digit of 69463?
9
What is the hundreds digit of 8665?
6
What is the ten thousands digit of 41628?
4
What is the thousands digit of 6340?
6
What is the ten thousands digit of 72031?
7
What is the thousands digit of 7346?
7
What is the tens digit of 3643?
4
What is the hundreds digit of 1532?
5
What is the units digit of 112?
2
What is the hundreds digit of 10397?
3
What is the units digit of 4799?
9
What is the hundreds digit of 156?
1
What is the hundreds digit of 2176?
1
What is the hundreds digit of 2489?
4
What is the units digit of 1?
1
What is the units digit of 1351?
1
What is the tens digit of 499?
9
What is the hundreds digit of 16414?
4
What is the hundreds digit of 691?
6
What is the thousands digit of 79873?
9
What is the thousands digit of 16868?
6
What is the thousands digit of 7593?
7
What is the hundreds digit of 11222?
2
What is the tens digit of 1270?
7
What is the thousands digit of 2118?
2
What is the thousands digit of 4564?
4
What is the tens digit of 1762?
6
What is the thousands digit of 23894?
3
What is the thousands digit of 1940?
1
What is the thousands digit of 9328?
9
What is the thousands digit of 1409?
1
What is the units digit of 6722?
2
What is the units digit of 379?
9
What is the hundreds digit of 23089?
0
What is the tens digit of 1120?
2
What is the hundreds digit of 353?
3
What is the tens digit of 80492?
9
What is the units digit of 2462?
2
What is the tens digit of 118?
1
What is the hundreds digit of 5090?
0
What is the hundred thousands digit of 102638?
1
What is the hundreds digit of 36967?
9
What is the ten thousands digit of 34380?
3
What is the units digit of 29000?
0
What is the tens digit of 22148?
4
What is the thousands digit of 45035?
5
What is the ten thousands digit of 77220?
7
What is the hundreds digit of 810?
8
What is the units digit of 12336?
6
What is the thousands digit of 1995?
1
What is the units digit of 2080?
0
What is the ten thousands digit of 24265?
2
What is the units digit of 1920?
0
What is the thousands digit of 16495?
6
What is the units digit of 28991?
1
What is the tens digit of 293?
9
What is the hundreds digit of 20024?
0
What is the hundreds digit of 1459?
4
What is the units digit of 3296?
6
What is the units digit of 3566?
6
What is the thousands digit of 2647?
2
What is the units digit of 493?
3
What is the thousands digit of 1378?
1
What is the tens digit of 99?
9
What is the tens digit of 3572?
7
What is the thousands digit of 1107?
1
What is the units digit of 10798?
8
What is the units digit of 5640?
0
What is the thousands digit of 2411?
2
What is the tens digit of 37286?
8
What is the units digit of 1030?
0
What is the units digit of 20205?
5
What is the thousands digit of 2545?
2
What is the ten thousands digit of 20137?
2
What is the hundreds digit of 26892?
8
What is the thousands digit of 5512?
5
What is the tens digit of 7437?
3
What is the hundreds digit of 135936?
9
What is the thousands digit of 76421?
6
What is the tens digit of 2946?
4
What is the units digit of 240?
0
What is the hundreds digit of 2444?
4
What is the units digit of 14810?
0
What is the thousands digit of 2563?
2
What is the tens digit of 5354?
5
What is the thousands digit of 2410?
2
What is the thousands digit of 19565?
9
What is the hundreds digit of 13065?
0
What is the units digit of 35998?
8
What is the units digit of 1856?
6
What is the tens digit of 40208?
0
What is the thousands digit of 6310?
6
What is the thousands digit of 18782?
8
What is the tens digit of 523?
2
What is the tens digit of 5703?
0
What is the hundred thousands digit of 100006?
1
What is the hundreds digit of 1792?
7
What is the hundreds digit of 27929?
9
What is the tens digit of 3576?
7
What is the hundreds digit of 4573?
5
What is the hundred thousands digit of 136874?
1
What is the thousands digit of 15740?
5
What is the hundreds digit of 973?
9
What is the units digit of 521?
1
What is the units digit of 3569?
9
What is the units digit of 16738?
8
What is the units digit of 4306?
6
What is the hundreds digit of 7172?
1
What is the units digit of 4962?
2
What is the units digit of 27804?
4
What is the tens digit of 5268?
6
What is the thousands digit of 1512?
1
What is the units digit of 2955?
5
What is the units digit of 19978?
8
What is the hundreds digit of 5464?
4
What is the thousands digit of 22352?
2
What is the hundreds digit of 5320?
3
What is the tens digit of 560?
6
What is the tens digit of 1552?
5
What is the tens digit of 584?
8
What is the ten thousands digit of 20196?
2
What is the thousands digit of 25155?
5
What is the hundreds digit of 767?
7
What is the tens digit of 543?
4
What is the tens digit of 165?
6
What is the tens digit of 994?
9
What is the ten thousands digit of 76460?
7
What is the tens digit of 410?
1
What is the units digit of 1104?
4
What is the tens digit of 1844?
4
What is the tens digit of 3495?
9
What is the thousands digit of 4526?
4
What is the tens digit of 3442?
4
What is the ten thousands digit of 25941?
2
What is the tens digit of 287?
8
What is the hundreds digit of 4594?
5
What is the units digit of 14202?
2
What is the units digit of 217?
7
What is the thousands digit of 12731?
2
What is the thousands digit of 35884?
5
What is the hundreds digit of 8234?
2
What is the thousands digit of 110015?
0
What is the ten thousands digit of 55108?
5
What is the tens digit of 5999?
9
What is the thousands digit of 39255?
9
What is the units digit of 955?
5
What is the thousands digit of 1582?
1
What i